/6*(-2 + -1). Let h be (1 - 0) + (-2 - -12). What is the greatest common divisor of j and h?
11
Let x be (-508)/(-18) - (2/9)/1. What is the highest common factor of 4 and x?
4
Let k = 140 + -80. Let q(z) = 2*z**2 + 6*z - 3. Let f be q(-6). Let b = 48 - f. Calculate the greatest common factor of b and k.
15
Suppose 0 = 2*a + 2*a - 416. Calculate the greatest common divisor of 26 and a.
26
Let w be 15/(-10)*(14 - 4)*-1. Suppose -q - q + 240 = 0. Calculate the highest common divisor of q and w.
15
Let h(w) = 35*w**2 + 2*w - 1. Let r be h(-2). Calculate the greatest common divisor of 15 and r.
15
Let q = 19 - 2. Let d(g) = 4*g**2 - 2*g + 5. Let l be d(7). What is the greatest common factor of l and q?
17
Suppose -3*r + 2 = 17. Let u = 6 + r. Calculate the greatest common divisor of 8 and u.
1
Suppose -5*v + 268 = -17. Suppose -f = -0*f - 7. Suppose f = -5*d + 4*u + v, 2*d + 3*u + 3 = 0. Calculate the highest common factor of d and 18.
6
Suppose 0 = a + 3*a - 36. Let j = 3 + -2. Let h be j/(((-3)/a)/(-1)). Calculate the greatest common factor of h and 24.
3
Let o = -76 + 80. Calculate the greatest common divisor of 16 and o.
4
Suppose 4*s - 84 = 24. Let u = 18 + -6. Let w = -3 + u. What is the highest common divisor of w and s?
9
Let r(h) = h**3 + 9*h**2 - 2*h + 4. Let n be r(-9). What is the greatest common divisor of 22 and n?
22
Suppose 0 = 2*z + 3*a - 16, -2*z - 2*a = -0*a - 12. Let n = 9 + z. Let j = n - 7. What is the highest common divisor of 10 and j?
2
Let k = 30 - 19. What is the highest common divisor of 77 and k?
11
Let k(q) = 9*q + 1. Suppose 5*c = 2*c + 36. Suppose p + c = 5*p. Let t be k(p). What is the greatest common divisor of t and 14?
14
Let x(n) = -2*n. Let f(k) = 3*k - 1. Let g(y) = 6*f(y) + 11*x(y). Let h be g(-4). Let z be (8/(-12))/(3/(-45)). Calculate the greatest common factor of z and h.
10
Let g be 4 + -6 + (5 - -1) + 2. What is the highest common divisor of g and 24?
6
Let q(s) = -s**3 - 11*s**2 - 10*s + 2. Let h be q(-10). Calculate the highest common factor of 2 and h.
2
Let w be 3/(-3) + 3 - -22. Calculate the highest common divisor of 60 and w.
12
Suppose 7*g = 2*g + 3*d + 117, 4*d + 44 = 2*g. Let i be ((-4)/(-8))/((-1)/(-72)). What is the highest common factor of i and g?
12
Let y = -158 - -257. What is the greatest common divisor of y and 66?
33
Let j be (0/2)/(0 - 1). Suppose -4*x + n + 159 = j, -3 = -6*n + 3*n. Let q(a) = a**3 + a**2 + 10. Let f be q(0). What is the greatest common divisor of f and x?
10
Suppose -2*h - h - 18 = 0. Let z be 28/h*(-18)/12. Let d be 2 - z/(21/(-102)). Calculate the greatest common factor of 9 and d.
9
Let r(s) = 5 + 5*s**2 + 4*s + 3*s**3 - 2*s**3 - s - 2. Let p be r(-4). Suppose 3*c - p*c = -608. What is the highest common factor of 19 and c?
19
Suppose 2*r - 12 = r. What is the greatest common factor of r and 4?
4
Let s(z) = -13*z + 7*z + 2 + 13*z. Suppose 0 = -5*g - 0*g + 5*a - 10, 3*g + 10 = 4*a. Let b be s(g). What is the greatest common divisor of b and 40?
8
Let p(u) = -5*u**3 - 17*u**2 - 5*u + 14. Let v(i) = i**3 + i**2 - 1. Let b(s) = -p(s) - 6*v(s). Let l be b(8). What is the highest common divisor of 32 and l?
32
Let r be ((-4)/3)/(10/(-75)). Let g be r + -9 - (-5 - -1). Calculate the greatest common divisor of 10 and g.
5
Let m(d) = d**3 - 2*d**2 - 5*d - 2. Let h be m(5). What is the highest common divisor of h and 12?
12
Let b = 112 - 94. Calculate the highest common divisor of 2 and b.
2
Suppose 3*t + 2*t + 14 = 3*s, 0 = -t - 1. Suppose -3*z + 449 = -4*f, -2*f = -2*z - s*z + 739. What is the highest common factor of z and 21?
21
Let p(h) = -3*h. Let b be p(-1). Suppose -5*z = -8 + b. What is the greatest common factor of 1 and z?
1
Suppose 0 = -3*k - 2*j + 5*j + 213, 0 = -3*j - 6. What is the greatest common divisor of k and 23?
23
Let x be (15/12)/(1/8). Calculate the highest common divisor of 5 and x.
5
Let l be ((-24)/(-28))/(-3) + 443/7. What is the greatest common factor of l and 84?
21
Let m(t) = -t**3 - 5*t**2 + 2. Let h be m(-5). Let j = -2 + 10. Suppose -3*w + j = -h*w. What is the highest common divisor of 56 and w?
8
Suppose -42*f = -38*f - 540. What is the highest common factor of f and 5?
5
Let k = -7 - -12. Let s be (-2)/(-4) - 1/(-2). What is the greatest common divisor of k and s?
1
Suppose 0 = 3*q + 15, -3*b - q + 5*q = -68. Let z(m) = -m**3 - 20*m**2 - 4*m. Let c be z(-20). Calculate the highest common factor of c and b.
16
Suppose 0 = 3*v + 4*f - 46, 4*v - f = -0*f + 55. Let w(s) = 43*s**3 - s**2 + s - 1. Let l be w(1). What is the greatest common factor of v and l?
14
Suppose -p - 19 = -3*p - t, -3*p + 36 = 4*t. Let d be 2/p*0 - -14. Calculate the highest common divisor of d and 126.
14
Let h(m) = -6*m + 14. Suppose -2 + 10 = 2*d, 0 = -4*y + 5*d - 48. Let z be h(y). Calculate the highest common divisor of 14 and z.
14
Suppose u - 12 = 8. Suppose 0*s + 5*s = u. Suppose 4*f - y = 115, f = -f + s*y + 40. What is the highest common factor of f and 20?
10
Suppose -7*m - 1269 = -16*m. Calculate the greatest common divisor of 94 and m.
47
Let w be (-2 - 414/(-4))*2. Suppose w = p + 3*r, 3*p - 4*r - 429 = 167. What is the greatest common divisor of 20 and p?
20
Let h = 12 + -7. Let j(w) = 4*w - 7. Let y be j(3). Calculate the greatest common divisor of y and h.
5
Let v(d) = 5*d + 5. Let t be v(5). Calculate the highest common divisor of t and 6.
6
Let r be -12*3*2/(-4). Suppose 5*f - 2 = 8, -f + r = 4*z. Suppose -26 = 2*m - z*m. What is the highest common factor of 13 and m?
13
Let g(r) = -22*r + 2. Let q be g(-3). Let y be (-334)/(-8) + 17/q. What is the greatest common divisor of y and 21?
21
Let z = 13 + -21. Let f = 14 + z. Calculate the highest common factor of f and 6.
6
Let i(k) = -k**2 - 10*k + 3. Let n be 0 + 0 + -2 + -5. Let t be i(n). Let u(a) = -a**2 + 9*a + 8. Let p be u(9). What is the greatest common factor of t and p?
8
Let u(h) = -h**3 - 5*h**2 - 4*h - 2. Let c be u(-4). Let m = c - -4. Suppose 3*x + 33 = m*q - 29, x = -2*q + 54. What is the highest common factor of q and 7?
7
Let r be 1/(12/(-9) - -1). Let h = r + 4. Calculate the highest common factor of h and 1.
1
Suppose -5*w + 6 = -94. Suppose -f - 10 = -2*p, -4*p + w = -0*p - 4*f. What is the highest common factor of 25 and p?
5
Suppose 4 = -2*f + 4*f. Let j(q) = 3*q**3 + 2*q**2 - q + 2. Let i be j(f). Calculate the greatest common divisor of 4 and i.
4
Let q be (-30)/4*2/(-3). Suppose -t - 5*t + 6 = 0. Calculate the greatest common factor of q and t.
1
Suppose -4*h + 3*x + 136 = 7*x, 0 = -3*h - 5*x + 92. What is the greatest common factor of 26 and h?
13
Suppose 0 = -5*s + 25, -3*z + 52 = -s + 3. Calculate the greatest common divisor of 72 and z.
18
Suppose 0 = -3*r + 2*r - 1, -4*g - 2*r = 18. Let t(d) = d**3 - 7*d**2 - 7*d - 7. Let a be t(8). Let h = a - g. What is the greatest common factor of h and 45?
5
Suppose 381 = 41*g - 111. Let m = 24 - 12. What is the highest common divisor of m and g?
12
Let p be 2/3 + 4/3. Suppose 0 = 3*m - p*y - 2*y - 161, 4*m - 217 = 3*y. What is the highest common factor of 5 and m?
5
Suppose 4*z + q - 20 = -3*q, -3*q - 1 = -5*z. Let p be -2 + 2/(z/11). Calculate the highest common factor of 27 and p.
9
Let p(w) = -w**3 + 12*w**2 - 12*w - 1. Let c be p(11). Let g be ((-66)/(-9))/((-4)/c). What is the greatest common factor of 33 and g?
11
Let g(x) = -x**2 + 32. Let s be g(0). Calculate the greatest common factor of s and 24.
8
Let x(w) = -w**2 + 9*w - 6. Let i be x(8). Suppose -4*g = -r - 66, -i*g - r = -29 - 1. Calculate the highest common divisor of g and 64.
16
Suppose 0 = -2*x - x + 24. Calculate the greatest common divisor of 16 and x.
8
Suppose -4*y + 0*y - h = -353, -2*h = -5*y + 425. Calculate the greatest common divisor of 58 and y.
29
Let j = 4 - 0. Suppose j*u - 35 = 9. Let n = 10 - -1. What is the highest common factor of n and u?
11
Let a = -5 + 8. Suppose 0 = -3*v - 0*d + d - 194, 5*v - d + 326 = 0. Let o be (2 - 0)/((-4)/v). Calculate the highest common factor of o and a.
3
Suppose -5*k = 3*a - 327, 4*a = 3*k - 95 - 78. Suppose k = 2*o - 113. Calculate the highest common divisor of o and 8.
8
Let t be (2/(-4) + 0)*(-4 + -572). What is the highest common divisor of 32 and t?
32
Let x = 24 + -17. Suppose -2*g + x = -21. Suppose -2*p